e of g(y). What is b(3)?
1
Let f(i) = -4*i**2 - 2*i + 1. Suppose 12 = n + 2*k, 70 = 5*n - 0*k + 5*k. Suppose 0 = -n*b + 18*b + 36. Let l = 16 + b. Give f(l).
-11
Suppose -5*u = -3*m - 30, 15 = -4*u + 3*m + 39. Let a(s) = -s**2 + 8*s - 9. Determine a(u).
3
Let a(t) be the second derivative of -t**6/144 + t**5/40 - 41*t**4/12 + 33*t. Let k(i) be the third derivative of a(i). Calculate k(3).
-12
Suppose 4*v + 62 - 14 = -4*p, 5*p + 3*v = -54. Let i(r) = -r**3 - 8*r**2 + 6*r - 20. What is i(p)?
7
Suppose 8*k - 21 = k. Let b be -6*24/(-27)*k/(-4). Let r(x) = -x**2 - 2*x + 4. What is r(b)?
-4
Let b(n) = -n**2 - 6*n - 4. Let l = 40 - 26. Let s = 23 - 13. Let t = s - l. What is b(t)?
4
Let r(v) = -v + 103. Let f(d) = 2*d - 192. Let q(m) = -6*f(m) - 11*r(m). Determine q(6).
13
Let d(v) = -v**2 + 2*v - 5. Let i = 76 + -73. Suppose -6*c + 3*c = -3*z, -i*z = 2*c - 25. Give d(z).
-20
Let m(c) be the first derivative of -c**3/3 + 7*c**2/2 + 2*c - 5. Calculate m(8).
-6
Suppose 20*l - 424 + 544 = 0. Let c be 4*(-1 + -1)/(-2). Let i(x) = 5*x + 4*x - c*x + x**2. Give i(l).
6
Let i(v) be the third derivative of v**5/60 + 5*v**4/24 - 2*v**3 - v**2 + 329. Give i(-9).
24
Let g(v) be the third derivative of -v**5/60 + v**4/3 - v**3/2 + 38*v**2. Let y(j) = -j**2 + 7*j - 2. Let k be y(5). Calculate g(k).
-3
Let w(n) = -7*n**2 - 12*n - 4*n**2 - 15 + 12*n**2 + 2*n + 6*n. Determine w(6).
-3
Let m(d) = -2*d + 1. Suppose -20 = -n - 5*y + 2*y, 0 = -4*n - 5*y + 115. Let v be 12/(-7) + (-10)/n. Determine m(v).
5
Let h = 26 - 17. Suppose -3*q + h = -j, -q - 5*j - 19 = -3*q. Let o(c) = 5*c - 2. Give o(q).
8
Let i = -10 + 16. Let r = -7 + i. Let v(x) = 2*x + 27 + 46 - 74. Determine v(r).
-3
Let o(t) be the second derivative of -3*t**3/2 + 3*t**2/2 - 4*t + 1. Give o(3).
-24
Let i be (18/(-234))/(10/(-65)). Let c(n) be the first derivative of i*n**4 + 4 + 4/3*n**3 + 3/2*n**2 + 2*n. Calculate c(-2).
-4
Let o be (6/3)/(68 - 67). Let w(c) be the first derivative of 0*c**o + 2 + 7*c - 1/3*c**3. Determine w(0).
7
Let k = 76 - 81. Let v(g) = -g**3 - 5*g**2 - g + 3. Calculate v(k).
8
Let p be 3 + 0*2/6. Let r(k) = 6*k**2 - 4*k**2 + k**p - 5 + k + 5*k**2. Determine r(-6).
25
Let q(b) = -b**3 - 5*b**2 - 2*b - 3. Suppose -4*w + 47 = -4*h + 79, -6 = 3*w + 3*h. What is q(w)?
7
Let a(x) = -x**3 - 13*x**2 + 13*x - 6. Let u be a(-14). Let m(c) = -6 + 2*c**2 - 2*c**3 - c**3 + 4*c**3 + u. Let f be (-4 + 1)*(-2)/(-3). Calculate m(f).
2
Let i(s) = -s**2 - 2*s + 1. Let h(y) = -y**2 + y. Let k(t) = -2*h(t) - i(t). Let b = 85 - 46. Let a = 38 - b. Give k(a).
2
Let f(d) = 4*d + 2. Let v(q) = -6*q - 3. Let j(g) = -4*f(g) - 3*v(g). Calculate j(6).
13
Let l(k) be the third derivative of k**5/60 + 7*k**4/24 - 4*k**3 - 243*k**2. What is l(-10)?
6
Let u(d) = d**3 - 3*d**2 - 4*d + 1. Let b be u(4). Suppose 9 + b = 5*g. Let y(l) = 2 - 2*l + 9*l - l + 2*l**2 - 7*l. What is y(g)?
8
Let l(c) = c + 5. Let r(m) = m**3 - 5*m**2 + 4*m + 1. Let w = -7 - -10. Let a be r(w). Give l(a).
0
Let p(x) = -x + 2. Let w = 10 + -7. Suppose 7*f = w*f. Let l = f + 5. Give p(l).
-3
Let s(b) be the third derivative of 4*b**5/15 + b**4/24 - 585*b**2. Suppose 4*m + m + 10 = 3*k, 5*m - 4*k = -15. Determine s(m).
17
Suppose -7 = 5*f - 6*f. Let n = -2 - -4. Let h(i) = 2*i**2 - 6 - n*i**2 - i**2 + 7*i. Determine h(f).
-6
Suppose -15*u + 20*u = 0. Let r(h) = -5*h + h**3 - 2 + 11*h + 3 - h**2 - 7*h. Give r(u).
1
Let h(p) = -3*p + 1. Let k(m) = -79*m + 2 + 0 + 74*m. Let y(o) = 7*h(o) - 5*k(o). What is y(5)?
17
Let a(n) = n**3 - 4*n**2 - 15*n + 6. Let z be a(7). Let m = z - 48. Let s(o) = o**2 - o - 7. What is s(m)?
-7
Let d(h) = -h**3 - 6. Let p be 0/(1*(-1)/(-1)). Suppose -m = 2*n - 3, 2 = 2*n + 5*m + 3. Suppose -n*y + y = p. What is d(y)?
-6
Suppose -4*t - l - 4 = -0*l, -3*t + 3*l - 18 = 0. Let g(y) = y**3 - y**2 - 4*y + 1. Let d be g(t). Let k(f) = -4*f - 1. Calculate k(d).
11
Suppose -j + 7 = -4. Let k(y) = -1 - 6*y**3 - j*y + 4*y + 8*y + y**2. What is k(1)?
-5
Let v(n) = 107*n + 97*n + 13 + 99*n - 301*n. What is v(-9)?
-5
Suppose -6*w = -w. Let x(j) = -4*j + 6*j + 0*j - 5 + w*j. Give x(4).
3
Let s be 3*2*14/(-14). Let x(y) = y**3 + 4*y**2 - 2*y - 9. Let n(h) = -h**3 - 3*h**2 + 3*h + 10. Let d(k) = -2*n(k) - 3*x(k). Calculate d(s).
7
Let q = -777 - -772. Let s(w) = -4*w**2 - 9*w - 8. Let b(m) = 7*m**2 + 17*m + 15. Let c(n) = 3*b(n) + 5*s(n). Calculate c(q).
0
Let x(w) = -2*w**2 - 17*w + 9. Let c(u) = -u**2 - 8*u + 5. Let v(g) = -5*c(g) + 2*x(g). Suppose 12 = -3*s + 5*s. Let q be 124/(-24) - (5/s)/(-5). What is v(q)?
-12
Let y(v) = -v**2 - 6*v + 5. Let l be y(-6). Suppose -l*o + 45 = -15. Let f = -8 + o. Let c(j) = -j**2 + 6*j - 2. Give c(f).
6
Let p = 3 - 7. Let t(m) be the first derivative of 6 - 2 - 41*m - 2*m**2 + 36*m. Give t(p).
11
Suppose 2*w - 4*h - 34 = 0, -3*w + h + 17 = -34. Suppose w*m - 14 = 10*m. Let n(q) = -2*q**3 + q**2 - 3*q + 2. Determine n(m).
-16
Let x be (3 + -1)/(-1*4)*0. Let c(l) = 1 + x - 8*l**3 + l**2 - 107*l + 106*l. Let r be 20/30*(-6)/(-4). Calculate c(r).
-7
Let x(a) = -a**3 - 5*a**2 - a + 1. Let j(n) = 6*n**2 - 1 - n**2 + 3 + 2*n + n**3 - 3. Let o(h) = -3*j(h) - 2*x(h). Determine o(-3).
-5
Let j(r) = -3*r**3 - 53*r**2 - 20*r - 25. Let q(p) = -p**3 - 18*p**2 - 7*p - 8. Let z(d) = 6*j(d) - 17*q(d). Determine z(-12).
-2
Let w = -3 - -14. Let c(g) = -3*g**3 - 7*g**2 - 12*g. Let r(o) = 2*o**2 + 5*o**3 + 4*o - 4*o**3 + 0*o. Let q(u) = w*r(u) + 4*c(u). Calculate q(-5).
-5
Let r(p) = p**3 - 3*p**2 - 2*p - 4. Suppose 0 = 4*m - 11*m. Let f be -1*12/(m - 3). Calculate r(f).
4
Let x(l) = l**2 + 9*l + 6. Let a = 25 - 15. Let n = 4 - a. What is x(n)?
-12
Suppose 2*f + 12 = f - 3*z, -2*z = 10. Let a be ((-44)/(-8) - f)*(-6)/(-5). Let w(l) = -l**3 + 3*l**2 + 3*l - 4. What is w(a)?
5
Suppose 0*r = -3*l - r + 10, -5*r = -4*l + 26. Suppose -w + l + 3 = 0. Suppose -3*m - 4 = -w*m. Let p(b) = b**3 - b**2 - b + 1. Give p(m).
0
Suppose -8*j + 10 = -3*j. Let v be (0 - 1) + j/1. Let n(p) = 6*p - v + 2 - 2*p**2 - 5. What is n(4)?
-12
Let l be (-11)/66*-6*-1. Let j(r) = -5*r - 3*r**2 - r**2 + 4*r + 2*r**2. Give j(l).
-1
Let h = 8 - 2. Let x(o) = -2*o - 5*o + 8*o - 8 + 1. Calculate x(h).
-1
Let p(c) be the first derivative of c**3/3 + 7*c**2/2 + 3*c - 1. Let j be ((-8)/(120/25))/((-1)/(-3)). Give p(j).
-7
Let g(m) be the third derivative of m**5/60 + 5*m**4/24 + m**3/6 + 35*m**2. Determine g(-2).
-5
Let u(a) = -2*a**3 - 5*a**2 + 4*a - 4. Let j(s) = -3*s**3 - 5*s**2 + 5*s - 3. Let w(k) = 3*j(k) - 4*u(k). Determine w(6).
-35
Let l(z) = -z**2 - 5*z + 1. Let h(s) be the first derivative of -3*s**4/2 + 2*s**3/3 - s - 10. Let o be h(1). Calculate l(o).
1
Suppose 0 = -3*d - 5*c + 5, -3*d + 3*c + c - 4 = 0. Let m(a) = 0 - 22*a**3 - 6 + 44*a**3 - 23*a**3. What is m(d)?
-6
Let r(y) = 2*y. Let u = 32 - 26. Let w = -2 + u. Calculate r(w).
8
Let w(n) be the second derivative of n**4/24 - 5*n**3/6 - 5*n**2 + 12*n. Let y(m) be the first derivative of w(m). Give y(4).
-1
Let n(i) = -i + 4. Let b be n(3). Let l(o) = -b + o + 4*o + 0*o**2 - 2*o**2 - 2. Let q = -43 - -47. Calculate l(q).
-15
Let g(q) = 8 - 2*q**2 - 4 + q**2 - 3*q. Suppose 0 = 3*o - 7 - 2, 0 = 2*w + o - 43. Suppose -4*x - w = -2*l, -5*x - 5*l + 0 + 5 = 0. Calculate g(x).
4
Suppose 290*o + 20 = 295*o. Let q(b) = -b**3 + 4*b**2 + 2. What is q(o)?
2
Let a(l) = 6*l**2 + 1. Let d(f) = -18*f**2 - 3. Let c(s) = 7*a(s) + 2*d(s). What is c(-1)?
7
Let p = -384 - -384. Let t(z) = z + 48. What is t(p)?
48
Suppose -3*d = a - 18, -4*a - d + 28 = -0*d. Let g(r) = -3*r + 7. Let f(w) = w - 1. Let v(s) = -2*f(s) - g(s). Give v(a).
1
Let q(h) be the third derivative of -h**5/60 - h**4/3 + h**3/6 + 115*h**2. What is q(-5)?
16
Let v(o) = -o + 9. Let a(q) = 9*q + 60. Let p be a(-6). Determine v(p).
3
Suppose 4*p = -5*m + 18, 15 = 5*p - m - 22. Let g(u) = 6*u**2 + 7*u + u - 10*u**2 - 7 + 3*u**2. Let q be g(p). Let i(a) = -a - 4. Give i(q).
-4
Let j(b) = -b**3 + 5*b**2 - 2*b + 3. Let i(o) = o**3 + 4*o**2 - 3*o + 12. Let s be i(-5). Suppose -2*v = -s*z - 6, -5*v + 7 = -2*v - z. What is j(v)?
11
Let o(d) = -75*d - 90. Let u(t) = 11*t + 13. Let y(h) = 4*o(h) + 27*u(h). Give y(4).
-21
Let a(c) be the third derivative of 13*c**4/24 - 7*c**3/2 - c**2. Let v(u) = -7*u + 11. Let y(t) = 6*a(t) + 11*v(t). Let x = -1192 